iple of 17?
False
Is 16 a factor of 1603?
False
Is 25 a factor of 404?
False
Is 2183 a multiple of 76?
False
Does 27 divide 3456?
True
Is 9 a factor of 12540?
False
Does 21 divide 1785?
True
Is 21 a factor of 31273?
False
Is 141 a factor of 7799?
False
Is 9 a multiple of 2?
False
Is 40410 a multiple of 45?
True
Does 23 divide 3361?
False
Does 6 divide 198?
True
Is 1144 a multiple of 2?
True
Is 36 a factor of 22988?
False
Is 10 a factor of 1553?
False
Is 16 a factor of 489?
False
Does 40 divide 40?
True
Does 100 divide 1910?
False
Is 117 a factor of 15494?
False
Is 14 a factor of 862?
False
Is 10 a multiple of 10?
True
Is 19042 a multiple of 223?
False
Is 370 a multiple of 37?
True
Does 16 divide 368?
True
Does 15 divide 315?
True
Is 18120 a multiple of 40?
True
Is 3 a factor of 696?
True
Is 20262 a multiple of 6?
True
Is 12 a factor of 35200?
False
Is 745 a multiple of 4?
False
Is 114 a factor of 3762?
True
Does 24 divide 16628?
False
Is 11 a factor of 1342?
True
Is 15 a factor of 150?
True
Is 549 even?
False
Is 26 a factor of 1920?
False
Does 58 divide 6554?
True
Is 41 a factor of 1592?
False
Is 12 a factor of 3613?
False
Is 183 a multiple of 5?
False
Is 3 a factor of 966?
True
Is 2145 a multiple of 13?
True
Does 16 divide 29360?
True
Is 334 a multiple of 8?
False
Is 1895 a multiple of 50?
False
Does 71 divide 16368?
False
Is 22684 a multiple of 53?
True
Is 15 a factor of 3546?
False
Does 14 divide 1512?
True
Does 46 divide 33764?
True
Is 476 a multiple of 14?
True
Does 30 divide 2818?
False
Does 5 divide 288?
False
Does 21 divide 1253?
False
Is 95 a factor of 3990?
True
Does 98 divide 51958?
False
Does 12 divide 1152?
True
Does 13 divide 22923?
False
Does 6 divide 1167?
False
Does 27 divide 1728?
True
Does 17 divide 24701?
True
Is 44 a factor of 661?
False
Is 33805 a multiple of 123?
False
Does 10 divide 14030?
True
Is 553 a multiple of 58?
False
Is 8 a factor of 118?
False
Does 3 divide 463?
False
Is 7094 a multiple of 14?
False
Is 120 a multiple of 10?
True
Is 1348 a multiple of 80?
False
Is 72 a factor of 23679?
False
Is 3360 a multiple of 210?
True
Does 49 divide 5047?
True
Is 6 a factor of 38232?
True
Is 86 a multiple of 19?
False
Is 22 a factor of 1826?
True
Is 60 a multiple of 5?
True
Is 4104 a multiple of 17?
False
Is 238 a multiple of 44?
False
Does 86 divide 514?
False
Does 12 divide 1067?
False
Is 41490 a multiple of 18?
True
Is 21 a factor of 1008?
True
Is 3390 a multiple of 10?
True
Is 2 a factor of 4614?
True
Is 23192 a multiple of 22?
False
Is 213 a multiple of 8?
False
Is 42 a factor of 877?
False
Does 10 divide 1250?
True
Does 10 divide 8215?
False
Does 47 divide 329?
True
Is 1170 a multiple of 15?
True
Is 46 a multiple of 4?
False
Is 126 a multiple of 14?
True
Is 3094 a multiple of 17?
True
Is 342 a multiple of 9?
True
Is 248 a multiple of 4?
True
Does 51 divide 1428?
True
Is 1365 a multiple of 15?
True
Is 5095 a multiple of 58?
False
Is 26137 a multiple of 89?
False
Does 6 divide 750?
True
Does 8 divide 15672?
True
Does 9 divide 10944?
True
Is 4 a factor of 2610?
False
Is 4362 a multiple of 23?
False
Does 22 divide 28380?
True
Is 108 a multiple of 12?
True
Does 159 divide 13515?
True
Is 68 a factor of 4539?
False
Does 398 divide 114008?
False
Is 730 even?
True
Is 4434 a multiple of 31?
False
Is 34 a factor of 2529?
False
Does 12 divide 1512?
True
Does 31 divide 1240?
True
Is 22 a factor of 16390?
True
Is 39 a factor of 1170?
True
Does 106 divide 3548?
False
Is 2592 a multiple of 36?
True
Is 2 a factor of 49?
False
Is 5250 a multiple of 22?
False
Is 3 a factor of 14222?
False
Is 708 a multiple of 7?
False
Does 9 divide 1071?
True
Is 24 a factor of 3912?
True
Does 15 divide 207?
False
Is 1279 a multiple of 6?
False
Does 7 divide 19243?
True
Is 2045 a multiple of 6?
False
Does 38 divide 2227?
False
Does 137 divide 1096?
True
Is 37 a factor of 418?
False
Does 20 divide 20?
True
Is 22399 a multiple of 7?
False
Is 65 a multiple of 6?
False
Is 242 a factor of 63503?
False
Is 2 a factor of 433?
False
Is 49697 a multiple of 124?
False
Does 24 divide 1872?
True
Is 70 a factor of 20771?
False
Does 24 divide 7082?
False
Is 680 a multiple of 39?
False
Does 53 divide 9096?
False
Is 775 a multiple of 31?
True
Is 18 a factor of 954?
True
Is 8 a factor of 944?
True
Is 35 a factor of 5425?
True
Is 11 a factor of 341?
True
Is 1855 a multiple of 7?
True
Is 5568 a multiple of 87?
True
Is 5 a factor of 9175?
True
Is 611 a multiple of 47?
True
Does 36 divide 828?
True
Does 10 divide 40?
True
Is 8734 a multiple of 48?
False
Does 21 divide 15876?
True
Does 13 divide 16029?
True
Is 792 a multiple of 36?
True
Does 31 divide 310?
True
Does 9 divide 396?
True
Does 10 divide 1630?
True
Does 26 divide 766?
False
Does 22 divide 1716?
True
Does 11 divide 43296?
True
Is 4399 a multiple of 53?
True
Is 38 a factor of 950?
True
Is 3 a factor of 7?
False
Does 14 divide 8490?
False
Does 10 divide 160?
True
Is 48197 a multiple of 30?
False
Does 2 divide 72?
True
Is 149 a multiple of 12?
False
Is 5057 a multiple of 13?
True
Is 670 a multiple of 67?
True
Is 5448 a multiple of 6?
True
Is 3 a factor of 312?
True
Is 9826 a multiple of 31?
False
Is 29246 a multiple of 3?
False
Is 6 a factor of 5494?
False
Is 6930 a multiple of 10?
True
Is 24360 a multiple of 28?
True
Does 16 divide 946?
False
Is 286 a multiple of 44?
False
Does 4 divide 26156?
True
Does 7 divide 5460?
True
Is 46 a factor of 506?
True
Does 42 divide 15372?
True
Is 495 a multiple of 2?
False
Is 10 a factor of 3381?
False
Is 23593 a multiple of 6?
False
Is 16 a factor of 11185?
False
Is 14112 a multiple of 6?
True
Does 37 divide 1569?
False
Does 141 divide 2115?
True
Is 95920 a multiple of 55?
True
Is 33 a factor of 332?
False
Is 8 a factor of 6375?
False
Is 9 a factor of 197?
False
Is 36 a factor of 3312?
True
Is 107 a factor of 22561?
False
Does 46 divide 1288?
True
Is 454 even?
True
Is 6 a factor of 2436?
True
Is 3164 a multiple of 51?
False
Is 3261 a multiple of 40?
False
Does 10 divide 690?
True
Does 96 divide 20786?
False
Does 28 divide 14084?
True
Is 27180 a multiple of 45?
True
Does 4 divide 807?
False
Does 77 divide 469?
False
Is 8767 a multiple of 24?
False
Is 23 a factor of 1787?
False
Is 412 a multiple of 10?
False
Does 2 divide 506?
True
Is 192 a factor of 148327?
False
Is 8 a factor of 4643?
False
Is 7128 a multiple of 66?
True
Is 5436 a multiple of 10?
False
Is 747 a multiple of 9?
True
Is 173 a factor of 68443?
False
Is 31 a factor of 3842?
False
Is 287 a multiple of 7?
True
Does 14 divide 280?
True
Is 12 a factor of 3321?
False
Is 20 a factor of 200?
True
Is 9 a factor of 119?
False
Does 6 divide 100?
False
Is 47 a factor of 793?
False
Does 68 divide 13240?
False
Is 10976 a multiple of 196?
True
Does 180 divide 57780?
True
Is 1440 a multiple of 18?
True
Does 120 divide 2640?
True
Does 5 divide 1472?
False
Is 29094 a multiple of 35?
False
Is 15 a factor of 25714?
False
Does 7 divide 48671?
True
Is 1949 a multiple of 3?
False
Is 2125 a multiple of 77?
False
Is 10018 a multiple of 10?
False
Is 65 a factor of 5000?
False
Is 33 a factor of 18470?
False
Is 66590 a multiple of 55?
False
Is 66 a factor of 858?
True
Does 40 divide 4680?
True
Does 8 divide 736?
True
Is 8 a factor of 5104?
True
Is 66 a factor of 252?
False
Is 3175 a multiple of 25?
True
Is 92 a factor of 30148?
False
Does 34 divide 1122?
True
Does 13 divide 274?
False
Is 306 a multiple of 9?
True
Is 36 a factor of 684?
True
Is 76 a factor of 16340?
True
Is 25 a factor of 3100?
True
Is 7 a factor of 322?
True
Does 6 divide 403?
False
Is 24 a factor of 34?
False
Is 34 a factor of 8806?
True
Does 61 divide 1830?
True
Does 15 divide 43320?
True
Is 459 a multiple of 28?
False
Does 60 divide 16496?
False
Is 2976 a multiple of 34?
False
Does 117 divide 12406?
False
Is 55 a factor of 1100?
True
Is 4 a factor of 3652?
True
Is 5150 a multiple of 25?
True
Is 66084 a multiple of 30?
False
Does 127 divide 52179?
False
Is 45 a factor of 2746?
False
Does 97 divide 30264?
True
Does 2 divide 95?
False
Is 134 a factor of 16032?
False
Is 12355 a multiple of 67?
False
Is 306 a multiple of 51?
True
Is 2 a factor of 842?
True
Is 410 a multiple of 11?
False
Is 13 a factor of 9205?
False
Is 119 a factor of 3451?
True
Is 5984 a multiple of 11?
True
Is